{"id":117,"date":"2023-06-01T10:50:30","date_gmt":"2023-06-01T07:50:30","guid":{"rendered":"https:\/\/namikkemaltuyluce.av.tr\/?page_id=117"},"modified":"2023-06-01T10:50:30","modified_gmt":"2023-06-01T07:50:30","slug":"insaat-ve-gayrimenkul-hukuku","status":"publish","type":"page","link":"https:\/\/namikkemaltuyluce.av.tr\/?page_id=117","title":{"rendered":"\u0130n\u015faat ve Gayrimenkul Hukuku"},"content":{"rendered":"\n<p>\u00dclkemizin en \u00f6nemli sekt\u00f6rlerinin ba\u015f\u0131nda in\u015faat ve gayrimenkul sekt\u00f6r\u00fc gelmesine ra\u011fmen, s\u00f6z konusu bu sekt\u00f6re has hukuk dal\u0131na ili\u015fkin kurallar yeterince bilinmemektedir. \u0130n\u015faat ve gayrimenkul hukuku, olduk\u00e7a teknik bir dal olup, ciddi anlamda hukuki uzmanl\u0131k gerektirmektedir. En iyi avukatl\u0131k hizmetinin al\u0131nabilmesinin \u015fart oldu\u011fu bir aland\u0131r.<\/p>\n\n\n\n<p>\u0130n\u015faat faaliyeti, esas itibariyle T\u00fcrk Bor\u00e7lar Kanunu&#8217;nun \u00f6zel h\u00fck\u00fcmler b\u00f6l\u00fcm\u00fcnde d\u00fczenlenen eser s\u00f6zle\u015fmeleri b\u00f6l\u00fcm\u00fcnde ele al\u0131nmaktad\u0131r. Ancak gerek uygulamada gerekse de \u00f6zel kanunlarla \u015fekillenen bir \u00e7ok in\u015faat s\u00f6zle\u015fmesi ve in\u015faat ili\u015fkisi t\u00fcr\u00fc mevcuttur. \u00d6rne\u011fin, yap-i\u015flet -devret projeleri, kamu ve \u00f6zel sekt\u00f6r ihaleleri, imtiyaz s\u00f6zle\u015fmeleri, ortak giri\u015fim anla\u015fmalar\u0131, in\u015faat s\u00f6zle\u015fmeleri, alt y\u00fcklenicilik s\u00f6zle\u015fmeleri, lisans anla\u015fmalar\u0131, proje y\u00f6netimi anla\u015fmalar\u0131, i\u015fletme y\u00f6netimi anla\u015fmalar\u0131 gibi bir \u00e7ok konu, eser s\u00f6zle\u015fmelerine ili\u015fkin temel kanuni d\u00fczenlemenin d\u0131\u015f\u0131nda, \u00f6zel mevzuatla d\u00fczenlenmi\u015f olan ve uzmanl\u0131k gerektiren alanlard\u0131r.<\/p>\n\n\n\n<p>\u00dclkemizde y\u00fcr\u00fcrl\u00fc\u011fe giren kentsel d\u00f6n\u00fc\u015f\u00fcm mevzuat\u0131, afet riski alt\u0131ndaki alanlar\u0131n d\u00f6n\u00fc\u015ft\u00fcr\u00fclmesine ili\u015fkin mevzuat ve hatta yap\u0131 denetim ve i\u015f sa\u011fl\u0131\u011f\u0131 ve g\u00fcvenli\u011fi mevzuatlar\u0131 bir arada d\u00fc\u015f\u00fcn\u00fcld\u00fc\u011f\u00fcnde, in\u015faat ve gayrimenkul hukukunun ne denli geni\u015f bir alan\u0131 kapsad\u0131\u011f\u0131 ve b\u00fct\u00fcn bu mevzuata hakim olan avukat bulman\u0131n zorlu\u011funu ortaya koymaktad\u0131r.<\/p>\n\n\n\n<p>\u0130n\u015faat ve gayrimenkul hukuku kapsam\u0131nda yap\u0131lan ba\u015fl\u0131ca i\u015fler, g\u00f6r\u00fclen davalar ve faaliyette bulunulan konular \u015fu \u015fekildedir:<\/p>\n\n\n\n<ul class=\"wp-block-list\">\n<li>Her T\u00fcrl\u00fc \u0130n\u015faat S\u00f6zle\u015fmelerinin Haz\u0131rlanmas\u0131, D\u00fczenlenmesi, \u0130mzalanmas\u0131<\/li>\n\n\n\n<li>Her T\u00fcrl\u00fc \u0130n\u015faat S\u00f6zle\u015fmelerine \u0130li\u015fkin Tadil S\u00f6zle\u015fmelerinin Haz\u0131rlanmas\u0131<\/li>\n\n\n\n<li>Arsa Sahiplerine Her T\u00fcrl\u00fc Dava ve \u0130\u015flerde Avukatl\u0131k Hizmeti Verilmesi<\/li>\n\n\n\n<li>M\u00fcteahhitlere Her T\u00fcrl\u00fc Dava ve \u0130\u015flerde Avukatl\u0131k Hizmeti Verilmesi<\/li>\n\n\n\n<li>\u0130n\u015faattan Daire Sat\u0131n Alan Ki\u015filere&nbsp;Her T\u00fcrl\u00fc Dava ve \u0130\u015flerde Avukatl\u0131k Hizmeti Verilmesi<\/li>\n\n\n\n<li>Gayrimenkul Sat\u0131\u015f Vaadi S\u00f6zle\u015fmeleri<\/li>\n\n\n\n<li>Has\u0131lat-Gelir Payla\u015f\u0131ml\u0131 Kat Kar\u015f\u0131l\u0131\u011f\u0131 \u0130n\u015faat S\u00f6zle\u015fmeleri<\/li>\n\n\n\n<li>Klasik Kat Kar\u015f\u0131l\u0131\u011f\u0131 \u0130n\u015faat S\u00f6zle\u015fmeleri (Arsa pay\u0131 kar\u015f\u0131l\u0131\u011f\u0131 in\u015faat s\u00f6zle\u015fmeleri)<\/li>\n\n\n\n<li>M\u00fcteahhidin Temerr\u00fcd\u00fc Halinde S\u00f6zle\u015fmenin Feshi ve Tazminat Davalar\u0131<\/li>\n\n\n\n<li>Ay\u0131pl\u0131 \u0130\u015f ve Eksik \u0130\u015flere \u0130li\u015fkin Tazminat Davalar\u0131,<\/li>\n\n\n\n<li>S\u00f6zle\u015fmelerin Feshi Ya Da \u0130ptaline \u0130li\u015fkin Davalar,<\/li>\n\n\n\n<li>Gayrimenkul Al\u0131m-Sat\u0131m\u0131<\/li>\n\n\n\n<li>Kira S\u00f6zle\u015fmeleri<\/li>\n\n\n\n<li>\u0130n\u015faat Kredileri \u0130le Konut Kiralar\u0131 ve Ticari Malvarl\u0131klar\u0131n\u0131n Kiralanmas\u0131<\/li>\n\n\n\n<li>\u0130potek Kurulmas\u0131 ve \u0130potek Terkini<\/li>\n\n\n\n<li>Kat M\u00fclkiyeti Kurulmas\u0131 ve Y\u00f6netim Plan\u0131 Haz\u0131rlanmas\u0131<\/li>\n\n\n\n<li>Kat irtifak\u0131n\u0131n iptali davalar\u0131,<\/li>\n\n\n\n<li>Tapu \u0130ptal ve Tescil Davalar\u0131,<\/li>\n\n\n\n<li>\u0130stihkak Davalar\u0131<\/li>\n\n\n\n<li>FIDIC s\u00f6zle\u015fmeleri;<\/li>\n\n\n\n<li>EPC ve Turnkey kontratlar\u0131;<\/li>\n\n\n\n<li>Ticari veya konut ama\u00e7l\u0131 gayrimenkul projeleri;<\/li>\n\n\n\n<li>\u0130mar hukuku ve uygulamalar\u0131;<\/li>\n\n\n\n<li>Kat m\u00fclkiyeti hukuku ve uygulamalar\u0131;<\/li>\n\n\n\n<li>Shell &amp; Core in\u015faat s\u00f6zle\u015fmeleri;<\/li>\n\n\n\n<li>Has\u0131lat payla\u015f\u0131ml\u0131 in\u015faat s\u00f6zle\u015fmeleri;<\/li>\n\n\n\n<li>Tapu sicilleri ve belediyeler nezdindeki i\u015flemler;<\/li>\n\n\n\n<li>Gayrimenkul in\u015faat ve geli\u015ftirme modelleri;<\/li>\n\n\n\n<li>Gayrimenkul yat\u0131r\u0131m ortakl\u0131klar\u0131 (GYO);<\/li>\n\n\n\n<li>Kentsel d\u00f6n\u00fc\u015f\u00fcm mevzuat, s\u00fcre\u00e7 ve uygulamalar\u0131;<\/li>\n\n\n\n<li>\u0130n\u015faat, gayrimenkul, s\u00f6zle\u015fmeler, imar ve kat m\u00fclkiyeti konulu davalar;<\/li>\n\n\n\n<li>\u0130n\u015faat tahkimleri,<\/li>\n\n\n\n<li>\u0130zaleyi \u015euyu (Ortakl\u0131\u011f\u0131n Giderilmesi) Davalar\u0131<\/li>\n\n\n\n<li>Eser S\u00f6zle\u015fmesinden Kaynakl\u0131 Davalar<\/li>\n\n\n\n<li>M\u00fc\u015favir M\u00fchendislik S\u00f6zle\u015fmeleri<\/li>\n\n\n\n<li>Mimari Proje D\u00fczenleme S\u00f6zle\u015fmeleri<\/li>\n\n\n\n<li>Yabanc\u0131 Ger\u00e7ek veya T\u00fczel Ki\u015filerin T\u00fcrkiye&#8217;de Ta\u015f\u0131nmaz Edinimleri<\/li>\n\n\n\n<li>Gayrimenkul Sat\u0131n Alma ve Sat\u0131m S\u00f6zle\u015fmelerinin, Sat\u0131\u015f Vaadi S\u00f6zle\u015fmelerinin m\u00fczakereleri ve d\u00fczenlenmesi;<\/li>\n\n\n\n<li>\u0130n\u015faat ruhsat\u0131n\u0131n ve isk\u00e2n izninin al\u0131nmas\u0131 ve bu izinlerin temine y\u00f6nelik ilgili resmi merciiler nezdinde ba\u015fvurular\u0131n yap\u0131lmas\u0131;<\/li>\n\n\n\n<li>\u0130\u015f yeri a\u00e7ma ve \u00e7al\u0131\u015fma ruhsat\u0131n\u0131n al\u0131nmas\u0131 ve bu ruhsat\u0131n teminine y\u00f6nelik ilgili resmi merciiler nezdinde ba\u015fvurular\u0131n yap\u0131lmas\u0131;<\/li>\n\n\n\n<li>\u0130potek S\u00f6zle\u015fmeleri;<\/li>\n\n\n\n<li>Kat \u0130rtifak\u0131 S\u00f6zle\u015fmeleri;<\/li>\n\n\n\n<li>\u0130n\u015faat S\u00f6zle\u015fmeleri, Bina Y\u00f6netimi S\u00f6zle\u015fmeleri, Proje Y\u00f6netimi S\u00f6zle\u015fmeleri, Al\u0131\u015fveri\u015f Merkezleri Y\u00f6netim S\u00f6zle\u015fmeleri, Lisans S\u00f6zle\u015fmeleri, Arac\u0131l\u0131k S\u00f6zle\u015fmeleri ve Kat Kar\u015f\u0131l\u0131\u011f\u0131 \u0130n\u015faat S\u00f6zle\u015fmeleri;<\/li>\n\n\n\n<li>Gayrimenkul Yat\u0131r\u0131m Ortakl\u0131klar\u0131na ili\u015fkin i\u015flemler ve s\u00f6zle\u015fmeler.<\/li>\n\n\n\n<li>Gayrimenkul\u00fcn hukuki ve imar durumu ile ilgili incelemeler,<\/li>\n\n\n\n<li>\u0130mar uygulamalar\u0131ndan kaynaklanan davalar\u0131n takibi,<\/li>\n\n\n\n<li>Ulusal ve uluslararas\u0131 in\u015faat projelerinde proje a\u015famas\u0131nda dan\u0131\u015fmanl\u0131k hizmeti,<\/li>\n\n\n\n<li>Gayrimenkule ili\u015fkin tapu iptali,<\/li>\n\n\n\n<li>\u0130darenin i\u015flemlerine kar\u015f\u0131 y\u00fcr\u00fct\u00fclen dava takip i\u015flemleri,<\/li>\n\n\n\n<li>\u0130hale dok\u00fcmanlar\u0131n\u0131n haz\u0131rlanmas\u0131,<\/li>\n\n\n\n<li>\u0130n\u015faat s\u00f6zle\u015fmesi haz\u0131rlanmas\u0131,<\/li>\n\n\n\n<li>Has\u0131lat payla\u015f\u0131m\u0131 s\u00f6zle\u015fmelerinin haz\u0131rlanmas\u0131,<\/li>\n\n\n\n<li>Ta\u015feron s\u00f6zle\u015fmesi haz\u0131rlanmas\u0131,<\/li>\n\n\n\n<li>Kamula\u015ft\u0131rma davalar\u0131,<\/li>\n\n\n\n<li>T\u00fcketici Kanunu kapsam\u0131na giren ta\u015f\u0131nmazlarla ilgili dan\u0131\u015fmanl\u0131k verilmesi ve sonras\u0131nda davalar\u0131n takip edilmesi,<\/li>\n\n\n\n<li>Gayrimenkul hukukuna ili\u015fkin sorulan sorulara y\u00f6nelik hukuki m\u00fctalaa ve bilgi notu haz\u0131rlanmas\u0131.<\/li>\n\n\n\n<li>Di\u011fer dava ve i\u015fler<\/li>\n<\/ul>\n\n\n\n<p><em>Say\u0131lan dava tipleri genel anlamda ve \u00f6rnekleyici olup, sat\u0131m hukukuna ili\u015fkin her t\u00fcrl\u00fc dava bak\u0131m\u0131ndan avukatl\u0131k hizmeti verilmektedir.<br>Detayl\u0131 bilgi i\u00e7in randevu talep ediniz.<\/em><\/p>\n","protected":false},"excerpt":{"rendered":"<p>\u00dclkemizin en \u00f6nemli sekt\u00f6rlerinin ba\u015f\u0131nda in\u015faat ve gayrimenkul sekt\u00f6r\u00fc gelmesine ra\u011fmen, s\u00f6z konusu bu sekt\u00f6re has hukuk dal\u0131na ili\u015fkin kurallar yeterince bilinmemektedir. \u0130n\u015faat ve gayrimenkul hukuku, olduk\u00e7a teknik bir dal olup, ciddi anlamda hukuki uzmanl\u0131k gerektirmektedir. En iyi avukatl\u0131k hizmetinin al\u0131nabilmesinin \u015fart oldu\u011fu bir aland\u0131r. \u0130n\u015faat faaliyeti, esas itibariyle T\u00fcrk Bor\u00e7lar Kanunu&#8217;nun \u00f6zel h\u00fck\u00fcmler b\u00f6l\u00fcm\u00fcnde [&hellip;]<\/p>\n","protected":false},"author":1,"featured_media":0,"parent":0,"menu_order":0,"comment_status":"closed","ping_status":"closed","template":"","meta":{"footnotes":""},"class_list":["post-117","page","type-page","status-publish","hentry"],"yoast_head":"<!-- This site is optimized with the Yoast SEO plugin v20.12 - https:\/\/yoast.com\/wordpress\/plugins\/seo\/ -->\n<title>\u0130n\u015faat ve Gayrimenkul Hukuku - Nam\u0131k Kemal T\u00fcyl\u00fcce<\/title>\n<meta name=\"robots\" content=\"index, follow, max-snippet:-1, max-image-preview:large, max-video-preview:-1\" \/>\n<link rel=\"canonical\" href=\"https:\/\/namikkemaltuyluce.av.tr\/?page_id=117\" \/>\n<meta property=\"og:locale\" content=\"tr_TR\" \/>\n<meta property=\"og:type\" content=\"article\" \/>\n<meta property=\"og:title\" content=\"\u0130n\u015faat ve Gayrimenkul Hukuku - Nam\u0131k Kemal T\u00fcyl\u00fcce\" \/>\n<meta property=\"og:description\" content=\"\u00dclkemizin en \u00f6nemli sekt\u00f6rlerinin ba\u015f\u0131nda in\u015faat ve gayrimenkul sekt\u00f6r\u00fc gelmesine ra\u011fmen, s\u00f6z konusu bu sekt\u00f6re has hukuk dal\u0131na ili\u015fkin kurallar yeterince bilinmemektedir. \u0130n\u015faat ve gayrimenkul hukuku, olduk\u00e7a teknik bir dal olup, ciddi anlamda hukuki uzmanl\u0131k gerektirmektedir. En iyi avukatl\u0131k hizmetinin al\u0131nabilmesinin \u015fart oldu\u011fu bir aland\u0131r. \u0130n\u015faat faaliyeti, esas itibariyle T\u00fcrk Bor\u00e7lar Kanunu&#8217;nun \u00f6zel h\u00fck\u00fcmler b\u00f6l\u00fcm\u00fcnde [&hellip;]\" \/>\n<meta property=\"og:url\" content=\"https:\/\/namikkemaltuyluce.av.tr\/?page_id=117\" \/>\n<meta property=\"og:site_name\" content=\"Nam\u0131k Kemal T\u00fcyl\u00fcce\" \/>\n<meta name=\"twitter:card\" content=\"summary_large_image\" \/>\n<meta name=\"twitter:label1\" content=\"Tahmini okuma s\u00fcresi\" \/>\n\t<meta name=\"twitter:data1\" content=\"4 dakika\" \/>\n<script type=\"application\/ld+json\" class=\"yoast-schema-graph\">{\"@context\":\"https:\/\/schema.org\",\"@graph\":[{\"@type\":\"WebPage\",\"@id\":\"https:\/\/namikkemaltuyluce.av.tr\/?page_id=117\",\"url\":\"https:\/\/namikkemaltuyluce.av.tr\/?page_id=117\",\"name\":\"\u0130n\u015faat ve Gayrimenkul Hukuku - Nam\u0131k Kemal T\u00fcyl\u00fcce\",\"isPartOf\":{\"@id\":\"http:\/\/namikkemaltuyluce.av.tr\/#website\"},\"datePublished\":\"2023-06-01T07:50:30+00:00\",\"dateModified\":\"2023-06-01T07:50:30+00:00\",\"breadcrumb\":{\"@id\":\"https:\/\/namikkemaltuyluce.av.tr\/?page_id=117#breadcrumb\"},\"inLanguage\":\"tr\",\"potentialAction\":[{\"@type\":\"ReadAction\",\"target\":[\"https:\/\/namikkemaltuyluce.av.tr\/?page_id=117\"]}]},{\"@type\":\"BreadcrumbList\",\"@id\":\"https:\/\/namikkemaltuyluce.av.tr\/?page_id=117#breadcrumb\",\"itemListElement\":[{\"@type\":\"ListItem\",\"position\":1,\"name\":\"Anasayfa\",\"item\":\"http:\/\/namikkemaltuyluce.av.tr\/\"},{\"@type\":\"ListItem\",\"position\":2,\"name\":\"\u0130n\u015faat ve Gayrimenkul Hukuku\"}]},{\"@type\":\"WebSite\",\"@id\":\"http:\/\/namikkemaltuyluce.av.tr\/#website\",\"url\":\"http:\/\/namikkemaltuyluce.av.tr\/\",\"name\":\"Nam\u0131k Kemal T\u00fcyl\u00fcce\",\"description\":\"\",\"publisher\":{\"@id\":\"http:\/\/namikkemaltuyluce.av.tr\/#organization\"},\"potentialAction\":[{\"@type\":\"SearchAction\",\"target\":{\"@type\":\"EntryPoint\",\"urlTemplate\":\"http:\/\/namikkemaltuyluce.av.tr\/?s={search_term_string}\"},\"query-input\":\"required name=search_term_string\"}],\"inLanguage\":\"tr\"},{\"@type\":\"Organization\",\"@id\":\"http:\/\/namikkemaltuyluce.av.tr\/#organization\",\"name\":\"Arabulucu ve Avukat Nam\u0131k Kemal T\u00fcyl\u00fcce\",\"url\":\"http:\/\/namikkemaltuyluce.av.tr\/\",\"logo\":{\"@type\":\"ImageObject\",\"inLanguage\":\"tr\",\"@id\":\"http:\/\/namikkemaltuyluce.av.tr\/#\/schema\/logo\/image\/\",\"url\":\"https:\/\/namikkemaltuyluce.av.tr\/wp-content\/uploads\/2023\/01\/hukuk.png\",\"contentUrl\":\"https:\/\/namikkemaltuyluce.av.tr\/wp-content\/uploads\/2023\/01\/hukuk.png\",\"width\":400,\"height\":300,\"caption\":\"Arabulucu ve Avukat Nam\u0131k Kemal T\u00fcyl\u00fcce\"},\"image\":{\"@id\":\"http:\/\/namikkemaltuyluce.av.tr\/#\/schema\/logo\/image\/\"}}]}<\/script>\n<!-- \/ Yoast SEO plugin. -->","yoast_head_json":{"title":"\u0130n\u015faat ve Gayrimenkul Hukuku - Nam\u0131k Kemal T\u00fcyl\u00fcce","robots":{"index":"index","follow":"follow","max-snippet":"max-snippet:-1","max-image-preview":"max-image-preview:large","max-video-preview":"max-video-preview:-1"},"canonical":"https:\/\/namikkemaltuyluce.av.tr\/?page_id=117","og_locale":"tr_TR","og_type":"article","og_title":"\u0130n\u015faat ve Gayrimenkul Hukuku - Nam\u0131k Kemal T\u00fcyl\u00fcce","og_description":"\u00dclkemizin en \u00f6nemli sekt\u00f6rlerinin ba\u015f\u0131nda in\u015faat ve gayrimenkul sekt\u00f6r\u00fc gelmesine ra\u011fmen, s\u00f6z konusu bu sekt\u00f6re has hukuk dal\u0131na ili\u015fkin kurallar yeterince bilinmemektedir. \u0130n\u015faat ve gayrimenkul hukuku, olduk\u00e7a teknik bir dal olup, ciddi anlamda hukuki uzmanl\u0131k gerektirmektedir. En iyi avukatl\u0131k hizmetinin al\u0131nabilmesinin \u015fart oldu\u011fu bir aland\u0131r. \u0130n\u015faat faaliyeti, esas itibariyle T\u00fcrk Bor\u00e7lar Kanunu&#8217;nun \u00f6zel h\u00fck\u00fcmler b\u00f6l\u00fcm\u00fcnde [&hellip;]","og_url":"https:\/\/namikkemaltuyluce.av.tr\/?page_id=117","og_site_name":"Nam\u0131k Kemal T\u00fcyl\u00fcce","twitter_card":"summary_large_image","twitter_misc":{"Tahmini okuma s\u00fcresi":"4 dakika"},"schema":{"@context":"https:\/\/schema.org","@graph":[{"@type":"WebPage","@id":"https:\/\/namikkemaltuyluce.av.tr\/?page_id=117","url":"https:\/\/namikkemaltuyluce.av.tr\/?page_id=117","name":"\u0130n\u015faat ve Gayrimenkul Hukuku - Nam\u0131k Kemal T\u00fcyl\u00fcce","isPartOf":{"@id":"http:\/\/namikkemaltuyluce.av.tr\/#website"},"datePublished":"2023-06-01T07:50:30+00:00","dateModified":"2023-06-01T07:50:30+00:00","breadcrumb":{"@id":"https:\/\/namikkemaltuyluce.av.tr\/?page_id=117#breadcrumb"},"inLanguage":"tr","potentialAction":[{"@type":"ReadAction","target":["https:\/\/namikkemaltuyluce.av.tr\/?page_id=117"]}]},{"@type":"BreadcrumbList","@id":"https:\/\/namikkemaltuyluce.av.tr\/?page_id=117#breadcrumb","itemListElement":[{"@type":"ListItem","position":1,"name":"Anasayfa","item":"http:\/\/namikkemaltuyluce.av.tr\/"},{"@type":"ListItem","position":2,"name":"\u0130n\u015faat ve Gayrimenkul Hukuku"}]},{"@type":"WebSite","@id":"http:\/\/namikkemaltuyluce.av.tr\/#website","url":"http:\/\/namikkemaltuyluce.av.tr\/","name":"Nam\u0131k Kemal T\u00fcyl\u00fcce","description":"","publisher":{"@id":"http:\/\/namikkemaltuyluce.av.tr\/#organization"},"potentialAction":[{"@type":"SearchAction","target":{"@type":"EntryPoint","urlTemplate":"http:\/\/namikkemaltuyluce.av.tr\/?s={search_term_string}"},"query-input":"required name=search_term_string"}],"inLanguage":"tr"},{"@type":"Organization","@id":"http:\/\/namikkemaltuyluce.av.tr\/#organization","name":"Arabulucu ve Avukat Nam\u0131k Kemal T\u00fcyl\u00fcce","url":"http:\/\/namikkemaltuyluce.av.tr\/","logo":{"@type":"ImageObject","inLanguage":"tr","@id":"http:\/\/namikkemaltuyluce.av.tr\/#\/schema\/logo\/image\/","url":"https:\/\/namikkemaltuyluce.av.tr\/wp-content\/uploads\/2023\/01\/hukuk.png","contentUrl":"https:\/\/namikkemaltuyluce.av.tr\/wp-content\/uploads\/2023\/01\/hukuk.png","width":400,"height":300,"caption":"Arabulucu ve Avukat Nam\u0131k Kemal T\u00fcyl\u00fcce"},"image":{"@id":"http:\/\/namikkemaltuyluce.av.tr\/#\/schema\/logo\/image\/"}}]}},"_links":{"self":[{"href":"https:\/\/namikkemaltuyluce.av.tr\/index.php?rest_route=\/wp\/v2\/pages\/117","targetHints":{"allow":["GET"]}}],"collection":[{"href":"https:\/\/namikkemaltuyluce.av.tr\/index.php?rest_route=\/wp\/v2\/pages"}],"about":[{"href":"https:\/\/namikkemaltuyluce.av.tr\/index.php?rest_route=\/wp\/v2\/types\/page"}],"author":[{"embeddable":true,"href":"https:\/\/namikkemaltuyluce.av.tr\/index.php?rest_route=\/wp\/v2\/users\/1"}],"replies":[{"embeddable":true,"href":"https:\/\/namikkemaltuyluce.av.tr\/index.php?rest_route=%2Fwp%2Fv2%2Fcomments&post=117"}],"version-history":[{"count":1,"href":"https:\/\/namikkemaltuyluce.av.tr\/index.php?rest_route=\/wp\/v2\/pages\/117\/revisions"}],"predecessor-version":[{"id":118,"href":"https:\/\/namikkemaltuyluce.av.tr\/index.php?rest_route=\/wp\/v2\/pages\/117\/revisions\/118"}],"wp:attachment":[{"href":"https:\/\/namikkemaltuyluce.av.tr\/index.php?rest_route=%2Fwp%2Fv2%2Fmedia&parent=117"}],"curies":[{"name":"wp","href":"https:\/\/api.w.org\/{rel}","templated":true}]}}