{"id":131,"date":"2023-06-05T16:07:43","date_gmt":"2023-06-05T13:07:43","guid":{"rendered":"https:\/\/namikkemaltuyluce.av.tr\/?page_id=131"},"modified":"2023-06-05T16:07:43","modified_gmt":"2023-06-05T13:07:43","slug":"sendika-hukuku","status":"publish","type":"page","link":"https:\/\/namikkemaltuyluce.av.tr\/?page_id=131","title":{"rendered":"Sendika Hukuku"},"content":{"rendered":"\n<h2 class=\"wp-block-heading\">Sendika Hukuku Nedir?<\/h2>\n\n\n\n<p>T\u00fcrkiye Cumhuriyeti Anayasas\u0131&#8217;n\u0131n 52. maddesi, \u00f6nceden izin al\u0131nmaks\u0131z\u0131n sendikal \u00f6rg\u00fctlenmenin bir hak oldu\u011funu d\u00fczenlemektedir. S\u00f6z konusu hakk\u0131n bizzat Anayasa&#8217;da d\u00fczenlenmi\u015f olmas\u0131, hukuk d\u00fczenimizin sendikala\u015fma hakk\u0131na verdi\u011fi \u00f6nemi ve bunu anayasal bir g\u00fcvence alt\u0131na ald\u0131\u011f\u0131n\u0131 ortaya koymaktad\u0131r.<\/p>\n\n\n\n<p>Sendika, i\u015f\u00e7i veya i\u015fverenlerin \u00f6rg\u00fctlenerek olu\u015fturdu\u011fu yap\u0131ya denmektedir. S\u00f6z konusu yap\u0131 alt\u0131nda ayn\u0131 tarafta yer alan ki\u015filer, birbirlerinden destek alabilmekte ve haklar\u0131n\u0131 savunurken dayan\u0131\u015fma g\u00fcd\u00fcs\u00fcyle hareket edebilmektedir. Sendikalar tamamen ba\u011f\u0131ms\u0131z ve siyasetten uzak bir yap\u0131da olmak zorundad\u0131r.<\/p>\n\n\n\n<p>Sendikalar\u0131n kurulmas\u0131ndan, sendikalara \u00fcyeli\u011fe ve sendikalar\u0131n taraf oldu\u011fu ba\u015fta toplu i\u015f s\u00f6zle\u015fmeleri olmak \u00fczere b\u00fct\u00fcn hukuki ili\u015fkilere ili\u015fkin kurallar ve d\u00fczenlemeler i\u00e7eren hukuk dal\u0131na sendika hukuku denilmektedir.<\/p>\n\n\n\n<p><strong>Sendika Hukuku Kapsam\u0131nda Avukat Hangi Hizmetleri Vermelidir?<\/strong><\/p>\n\n\n\n<p>Sendika hukuku dal\u0131nda verilen hizmetler genel olarak \u015fu \u015fekilde say\u0131labilmektedir:<\/p>\n\n\n\n<ul class=\"wp-block-list\">\n<li>Sendikalar\u0131n kurulmas\u0131, i\u015fletilmesi, tutanaklar\u0131n haz\u0131rlanmas\u0131, genel kurul prosed\u00fcrlerinin i\u015fletilmesi konusunda her t\u00fcrl\u00fc dan\u0131\u015fmanl\u0131k hizmeti,<\/li>\n\n\n\n<li>Sendikalar\u0131n girdi\u011fi hukuki ili\u015fkilere y\u00f6nelik dan\u0131\u015fmanl\u0131k ve avukatl\u0131k hizmeti,<\/li>\n\n\n\n<li>Toplu i\u015f s\u00f6zle\u015fmelerinin haz\u0131rlanmas\u0131,<\/li>\n\n\n\n<li>Mevcut toplu i\u015f s\u00f6zle\u015fmelerinin yorumlanmas\u0131,<\/li>\n\n\n\n<li>Mevcut toplu i\u015f s\u00f6zle\u015fmelerinin tadili ve yenilenmesi,<\/li>\n\n\n\n<li>Toplu \u0130\u015f Hukuku&#8217;ndan kaynaklanan uyu\u015fmazl\u0131klarda arabuluculuk hizmeti,<\/li>\n\n\n\n<li>\u0130\u015fverenlere hukuki dan\u0131\u015fmanl\u0131k,<\/li>\n\n\n\n<li>\u0130\u015f\u00e7ilere hukuki dan\u0131\u015fmanl\u0131k,<\/li>\n\n\n\n<li>\u0130htarname haz\u0131rlama ve g\u00f6nderme i\u015flemleri,<\/li>\n\n\n\n<li>Grev ve lokavt s\u00fcre\u00e7leriyle ilgili dan\u0131\u015fmanl\u0131k hizmeti,<\/li>\n\n\n\n<li>Grev ve lokavt s\u00fcre\u00e7lerinin uygulanmas\u0131, ertelenmesi veya sona erdirilmesi,<\/li>\n\n\n\n<li>Bakanl\u0131k nezdinde s\u00fcre\u00e7 takibi,<\/li>\n\n\n\n<li>Arabulucu ve hakem s\u00fcre\u00e7lerinde s\u00fcre\u00e7 takibi ve dan\u0131\u015fmanl\u0131k hizmetleri,<\/li>\n\n\n\n<li>Toplu \u0130\u015f Hukuku&#8217;ndan do\u011fan s\u00f6zle\u015fmelerde tazminat ve alacak taleplerine ili\u015fkin dan\u0131\u015fmanl\u0131k hizmetleri ve davalar,<\/li>\n\n\n\n<li>Sendikalar\u0131n kurulumu ve Sendika Hukuku&#8217;ndan do\u011fan her t\u00fcrl\u00fc i\u015f ve hizmet,<\/li>\n\n\n\n<li>Sendikal \u00f6rg\u00fctlenme a\u015famas\u0131nda hukuki dan\u0131\u015fmanl\u0131k hizmeti,<\/li>\n\n\n\n<li>Sendika yetki itiraz\u0131 s\u00fcrecinin takibi,<\/li>\n\n\n\n<li>Sendikal tazminat konusunda dan\u0131\u015fmanl\u0131k ve dava takibi,<\/li>\n\n\n\n<li>Di\u011fer i\u015fler<\/li>\n<\/ul>\n\n\n\n<p><em>Say\u0131lan dava tipleri ve i\u015fler genel anlamda ve \u00f6rnekleyici olup, sendika hukukuna ili\u015fkin her t\u00fcrl\u00fc dava bak\u0131m\u0131ndan avukatl\u0131k hizmeti verilmektedir.<br>Detayl\u0131 bilgi i\u00e7in randevu talep ediniz.<\/em><\/p>\n","protected":false},"excerpt":{"rendered":"<p>Sendika Hukuku Nedir? T\u00fcrkiye Cumhuriyeti Anayasas\u0131&#8217;n\u0131n 52. maddesi, \u00f6nceden izin al\u0131nmaks\u0131z\u0131n sendikal \u00f6rg\u00fctlenmenin bir hak oldu\u011funu d\u00fczenlemektedir. S\u00f6z konusu hakk\u0131n bizzat Anayasa&#8217;da d\u00fczenlenmi\u015f olmas\u0131, hukuk d\u00fczenimizin sendikala\u015fma hakk\u0131na verdi\u011fi \u00f6nemi ve bunu anayasal bir g\u00fcvence alt\u0131na ald\u0131\u011f\u0131n\u0131 ortaya koymaktad\u0131r. Sendika, i\u015f\u00e7i veya i\u015fverenlerin \u00f6rg\u00fctlenerek olu\u015fturdu\u011fu yap\u0131ya denmektedir. S\u00f6z konusu yap\u0131 alt\u0131nda ayn\u0131 tarafta yer alan [&hellip;]<\/p>\n","protected":false},"author":1,"featured_media":0,"parent":0,"menu_order":0,"comment_status":"closed","ping_status":"closed","template":"","meta":{"footnotes":""},"class_list":["post-131","page","type-page","status-publish","hentry"],"yoast_head":"<!-- This site is optimized with the Yoast SEO plugin v20.12 - https:\/\/yoast.com\/wordpress\/plugins\/seo\/ -->\n<title>Sendika Hukuku - Nam\u0131k Kemal T\u00fcyl\u00fcce<\/title>\n<meta name=\"robots\" content=\"index, follow, max-snippet:-1, max-image-preview:large, max-video-preview:-1\" \/>\n<link rel=\"canonical\" href=\"https:\/\/namikkemaltuyluce.av.tr\/?page_id=131\" \/>\n<meta property=\"og:locale\" content=\"tr_TR\" \/>\n<meta property=\"og:type\" content=\"article\" \/>\n<meta property=\"og:title\" content=\"Sendika Hukuku - Nam\u0131k Kemal T\u00fcyl\u00fcce\" \/>\n<meta property=\"og:description\" content=\"Sendika Hukuku Nedir? T\u00fcrkiye Cumhuriyeti Anayasas\u0131&#8217;n\u0131n 52. maddesi, \u00f6nceden izin al\u0131nmaks\u0131z\u0131n sendikal \u00f6rg\u00fctlenmenin bir hak oldu\u011funu d\u00fczenlemektedir. S\u00f6z konusu hakk\u0131n bizzat Anayasa&#8217;da d\u00fczenlenmi\u015f olmas\u0131, hukuk d\u00fczenimizin sendikala\u015fma hakk\u0131na verdi\u011fi \u00f6nemi ve bunu anayasal bir g\u00fcvence alt\u0131na ald\u0131\u011f\u0131n\u0131 ortaya koymaktad\u0131r. Sendika, i\u015f\u00e7i veya i\u015fverenlerin \u00f6rg\u00fctlenerek olu\u015fturdu\u011fu yap\u0131ya denmektedir. S\u00f6z konusu yap\u0131 alt\u0131nda ayn\u0131 tarafta yer alan [&hellip;]\" \/>\n<meta property=\"og:url\" content=\"https:\/\/namikkemaltuyluce.av.tr\/?page_id=131\" \/>\n<meta property=\"og:site_name\" content=\"Nam\u0131k Kemal T\u00fcyl\u00fcce\" \/>\n<meta name=\"twitter:card\" content=\"summary_large_image\" \/>\n<meta name=\"twitter:label1\" content=\"Tahmini okuma s\u00fcresi\" \/>\n\t<meta name=\"twitter:data1\" content=\"2 dakika\" \/>\n<script type=\"application\/ld+json\" class=\"yoast-schema-graph\">{\"@context\":\"https:\/\/schema.org\",\"@graph\":[{\"@type\":\"WebPage\",\"@id\":\"https:\/\/namikkemaltuyluce.av.tr\/?page_id=131\",\"url\":\"https:\/\/namikkemaltuyluce.av.tr\/?page_id=131\",\"name\":\"Sendika Hukuku - Nam\u0131k Kemal T\u00fcyl\u00fcce\",\"isPartOf\":{\"@id\":\"http:\/\/namikkemaltuyluce.av.tr\/#website\"},\"datePublished\":\"2023-06-05T13:07:43+00:00\",\"dateModified\":\"2023-06-05T13:07:43+00:00\",\"breadcrumb\":{\"@id\":\"https:\/\/namikkemaltuyluce.av.tr\/?page_id=131#breadcrumb\"},\"inLanguage\":\"tr\",\"potentialAction\":[{\"@type\":\"ReadAction\",\"target\":[\"https:\/\/namikkemaltuyluce.av.tr\/?page_id=131\"]}]},{\"@type\":\"BreadcrumbList\",\"@id\":\"https:\/\/namikkemaltuyluce.av.tr\/?page_id=131#breadcrumb\",\"itemListElement\":[{\"@type\":\"ListItem\",\"position\":1,\"name\":\"Anasayfa\",\"item\":\"http:\/\/namikkemaltuyluce.av.tr\/\"},{\"@type\":\"ListItem\",\"position\":2,\"name\":\"Sendika Hukuku\"}]},{\"@type\":\"WebSite\",\"@id\":\"http:\/\/namikkemaltuyluce.av.tr\/#website\",\"url\":\"http:\/\/namikkemaltuyluce.av.tr\/\",\"name\":\"Nam\u0131k Kemal T\u00fcyl\u00fcce\",\"description\":\"\",\"publisher\":{\"@id\":\"http:\/\/namikkemaltuyluce.av.tr\/#organization\"},\"potentialAction\":[{\"@type\":\"SearchAction\",\"target\":{\"@type\":\"EntryPoint\",\"urlTemplate\":\"http:\/\/namikkemaltuyluce.av.tr\/?s={search_term_string}\"},\"query-input\":\"required name=search_term_string\"}],\"inLanguage\":\"tr\"},{\"@type\":\"Organization\",\"@id\":\"http:\/\/namikkemaltuyluce.av.tr\/#organization\",\"name\":\"Arabulucu ve Avukat Nam\u0131k Kemal T\u00fcyl\u00fcce\",\"url\":\"http:\/\/namikkemaltuyluce.av.tr\/\",\"logo\":{\"@type\":\"ImageObject\",\"inLanguage\":\"tr\",\"@id\":\"http:\/\/namikkemaltuyluce.av.tr\/#\/schema\/logo\/image\/\",\"url\":\"https:\/\/namikkemaltuyluce.av.tr\/wp-content\/uploads\/2023\/01\/hukuk.png\",\"contentUrl\":\"https:\/\/namikkemaltuyluce.av.tr\/wp-content\/uploads\/2023\/01\/hukuk.png\",\"width\":400,\"height\":300,\"caption\":\"Arabulucu ve Avukat Nam\u0131k Kemal T\u00fcyl\u00fcce\"},\"image\":{\"@id\":\"http:\/\/namikkemaltuyluce.av.tr\/#\/schema\/logo\/image\/\"}}]}<\/script>\n<!-- \/ Yoast SEO plugin. -->","yoast_head_json":{"title":"Sendika Hukuku - Nam\u0131k Kemal T\u00fcyl\u00fcce","robots":{"index":"index","follow":"follow","max-snippet":"max-snippet:-1","max-image-preview":"max-image-preview:large","max-video-preview":"max-video-preview:-1"},"canonical":"https:\/\/namikkemaltuyluce.av.tr\/?page_id=131","og_locale":"tr_TR","og_type":"article","og_title":"Sendika Hukuku - Nam\u0131k Kemal T\u00fcyl\u00fcce","og_description":"Sendika Hukuku Nedir? T\u00fcrkiye Cumhuriyeti Anayasas\u0131&#8217;n\u0131n 52. maddesi, \u00f6nceden izin al\u0131nmaks\u0131z\u0131n sendikal \u00f6rg\u00fctlenmenin bir hak oldu\u011funu d\u00fczenlemektedir. S\u00f6z konusu hakk\u0131n bizzat Anayasa&#8217;da d\u00fczenlenmi\u015f olmas\u0131, hukuk d\u00fczenimizin sendikala\u015fma hakk\u0131na verdi\u011fi \u00f6nemi ve bunu anayasal bir g\u00fcvence alt\u0131na ald\u0131\u011f\u0131n\u0131 ortaya koymaktad\u0131r. Sendika, i\u015f\u00e7i veya i\u015fverenlerin \u00f6rg\u00fctlenerek olu\u015fturdu\u011fu yap\u0131ya denmektedir. S\u00f6z konusu yap\u0131 alt\u0131nda ayn\u0131 tarafta yer alan [&hellip;]","og_url":"https:\/\/namikkemaltuyluce.av.tr\/?page_id=131","og_site_name":"Nam\u0131k Kemal T\u00fcyl\u00fcce","twitter_card":"summary_large_image","twitter_misc":{"Tahmini okuma s\u00fcresi":"2 dakika"},"schema":{"@context":"https:\/\/schema.org","@graph":[{"@type":"WebPage","@id":"https:\/\/namikkemaltuyluce.av.tr\/?page_id=131","url":"https:\/\/namikkemaltuyluce.av.tr\/?page_id=131","name":"Sendika Hukuku - Nam\u0131k Kemal T\u00fcyl\u00fcce","isPartOf":{"@id":"http:\/\/namikkemaltuyluce.av.tr\/#website"},"datePublished":"2023-06-05T13:07:43+00:00","dateModified":"2023-06-05T13:07:43+00:00","breadcrumb":{"@id":"https:\/\/namikkemaltuyluce.av.tr\/?page_id=131#breadcrumb"},"inLanguage":"tr","potentialAction":[{"@type":"ReadAction","target":["https:\/\/namikkemaltuyluce.av.tr\/?page_id=131"]}]},{"@type":"BreadcrumbList","@id":"https:\/\/namikkemaltuyluce.av.tr\/?page_id=131#breadcrumb","itemListElement":[{"@type":"ListItem","position":1,"name":"Anasayfa","item":"http:\/\/namikkemaltuyluce.av.tr\/"},{"@type":"ListItem","position":2,"name":"Sendika Hukuku"}]},{"@type":"WebSite","@id":"http:\/\/namikkemaltuyluce.av.tr\/#website","url":"http:\/\/namikkemaltuyluce.av.tr\/","name":"Nam\u0131k Kemal T\u00fcyl\u00fcce","description":"","publisher":{"@id":"http:\/\/namikkemaltuyluce.av.tr\/#organization"},"potentialAction":[{"@type":"SearchAction","target":{"@type":"EntryPoint","urlTemplate":"http:\/\/namikkemaltuyluce.av.tr\/?s={search_term_string}"},"query-input":"required name=search_term_string"}],"inLanguage":"tr"},{"@type":"Organization","@id":"http:\/\/namikkemaltuyluce.av.tr\/#organization","name":"Arabulucu ve Avukat Nam\u0131k Kemal T\u00fcyl\u00fcce","url":"http:\/\/namikkemaltuyluce.av.tr\/","logo":{"@type":"ImageObject","inLanguage":"tr","@id":"http:\/\/namikkemaltuyluce.av.tr\/#\/schema\/logo\/image\/","url":"https:\/\/namikkemaltuyluce.av.tr\/wp-content\/uploads\/2023\/01\/hukuk.png","contentUrl":"https:\/\/namikkemaltuyluce.av.tr\/wp-content\/uploads\/2023\/01\/hukuk.png","width":400,"height":300,"caption":"Arabulucu ve Avukat Nam\u0131k Kemal T\u00fcyl\u00fcce"},"image":{"@id":"http:\/\/namikkemaltuyluce.av.tr\/#\/schema\/logo\/image\/"}}]}},"_links":{"self":[{"href":"https:\/\/namikkemaltuyluce.av.tr\/index.php?rest_route=\/wp\/v2\/pages\/131","targetHints":{"allow":["GET"]}}],"collection":[{"href":"https:\/\/namikkemaltuyluce.av.tr\/index.php?rest_route=\/wp\/v2\/pages"}],"about":[{"href":"https:\/\/namikkemaltuyluce.av.tr\/index.php?rest_route=\/wp\/v2\/types\/page"}],"author":[{"embeddable":true,"href":"https:\/\/namikkemaltuyluce.av.tr\/index.php?rest_route=\/wp\/v2\/users\/1"}],"replies":[{"embeddable":true,"href":"https:\/\/namikkemaltuyluce.av.tr\/index.php?rest_route=%2Fwp%2Fv2%2Fcomments&post=131"}],"version-history":[{"count":1,"href":"https:\/\/namikkemaltuyluce.av.tr\/index.php?rest_route=\/wp\/v2\/pages\/131\/revisions"}],"predecessor-version":[{"id":132,"href":"https:\/\/namikkemaltuyluce.av.tr\/index.php?rest_route=\/wp\/v2\/pages\/131\/revisions\/132"}],"wp:attachment":[{"href":"https:\/\/namikkemaltuyluce.av.tr\/index.php?rest_route=%2Fwp%2Fv2%2Fmedia&parent=131"}],"curies":[{"name":"wp","href":"https:\/\/api.w.org\/{rel}","templated":true}]}}