{"id":155,"date":"2023-06-08T08:33:21","date_gmt":"2023-06-08T05:33:21","guid":{"rendered":"https:\/\/namikkemaltuyluce.av.tr\/?page_id=155"},"modified":"2023-06-08T08:33:21","modified_gmt":"2023-06-08T05:33:21","slug":"kooperatif-hukuku","status":"publish","type":"page","link":"https:\/\/namikkemaltuyluce.av.tr\/?page_id=155","title":{"rendered":"Kooperatif Hukuku"},"content":{"rendered":"\n<p>Kar payla\u015fma amac\u0131 g\u00fctmeyen, ticari amac\u0131 olmayan ve ticari ortakl\u0131klardan farkl\u0131 olan, kooperatif \u00fcyelerinin ekonomik durumlar\u0131n\u0131n geli\u015ftirilmesi amac\u0131n\u0131 g\u00fcden sermayeli ortakl\u0131klara kooperatif denmektedir.<\/p>\n\n\n\n<p>Nitekim kooperatifin hukuki tan\u0131m\u0131 da benzer ifadelerle Kooperatifler Kanunu&#8217;nun 1. maddesinde \u015fu \u015fekilde yap\u0131lm\u0131\u015ft\u0131r: &#8220;<em>T\u00fczel ki\u015fili\u011fi haiz olmak \u00fczere ortaklar\u0131n\u0131n belirli ekonomik menfaatlerini ve \u00f6zellikle meslek veya ge\u00e7imlerine ait ihtiya\u00e7lar\u0131n\u0131 i\u015fg\u00fcc\u00fc ve parasal katk\u0131lar\u0131yla kar\u015f\u0131l\u0131kl\u0131 yard\u0131m, dayan\u0131\u015fma ve kefalet suretiyle sa\u011flay\u0131p korumak amac\u0131yla ger\u00e7ek ve t\u00fczel ki\u015filer taraf\u0131ndan kurulan de\u011fi\u015fir ortakl\u0131 ve de\u011fi\u015fir sermayeli ortakl\u0131klara kooperatif denir.<\/em>&#8220;<\/p>\n\n\n\n<p>Kooperatifler Hukukunun en \u00f6nemli kurallar\u0131ndan biri; ortak d\u0131\u015f\u0131 i\u015flem yasa\u011f\u0131 olarak bilinen ve kooperatifin kendi \u00fcyeleri d\u0131\u015f\u0131ndaki \u00fc\u00e7\u00fcnc\u00fc ki\u015filerle hukuki i\u015flem yapmas\u0131n\u0131 yasaklayan kurald\u0131r. Nitekim kooperatifler; kanuni tan\u0131m\u0131ndan ve t\u00fczel ki\u015fili\u011fin karakteristik yap\u0131s\u0131ndan \u00f6t\u00fcr\u00fc i\u00e7e d\u00f6n\u00fck bir kurgudad\u0131r. Bu ve bunun gibi bizzat\u00a0<a href=\"http:\/\/www.mevzuat.gov.tr\/MevzuatMetin\/1.5.1163.pdf\"><mark style=\"background-color:rgba(0, 0, 0, 0);color:#3100ff\" class=\"has-inline-color\">1136 say\u0131l\u0131 Kooperatifler Kanunu<\/mark><\/a>\u00a0ve T\u00fcrk Ticaret Kanunu&#8217;nda getirilen h\u00fck\u00fcmlere hakim olan yap\u0131m\u0131zla kooperatiflere\u00a0hukuki dan\u0131\u015fmanl\u0131k\u00a0ve\u00a0<a href=\"https:\/\/www.altinkan.com\/hizmetlerimiz\/avukatlik\/\">avukatl\u0131k<\/a>\u00a0hizmeti vermekteyiz. Nitekim Kooperatif Hukuku, kendine \u00f6zg\u00fc yap\u0131s\u0131 ve di\u011fer ticari i\u015fletme ve sermaye \u015firketlerinden farkl\u0131 olan yap\u0131s\u0131yla bamba\u015fka bir hukuk dal\u0131n\u0131 olu\u015fturmaktad\u0131r. \u00d6rne\u011fin e\u015fitlik ilkesi ve kanunla d\u00fczenlenen di\u011fer kural, ilke ve yasaklara hakim olan hukuk\u00e7ularla \u00e7al\u0131\u015fmak, kooperatif y\u00f6neticileri ad\u0131na olduk\u00e7a teknik ve \u00f6zel bilgi gerektiren prosed\u00fcrlerin do\u011fru \u015fekilde yerine getirilmesi ad\u0131na elzemdir. <\/p>\n\n\n\n<p>B\u00fcromuz b\u00fcnyesinde kooperatif hukuku k\u00f6kenli olarak avukatl\u0131k hizmeti verilen i\u015fler ve dava tipleri olduk\u00e7a teknik konular olup, hukuki bilgi gerektirmektedir. Kooperatifler hukukunun temelleri \u00f6rnek olarak \u015fu \u015fekilde say\u0131labilmektedir:<\/p>\n\n\n\n<p><strong>Kooperatifin kurulu\u015f a\u015famas\u0131:<\/strong><br>&#8211; Ana s\u00f6zle\u015fmenin haz\u0131rlanmas\u0131<br>&#8211; \u0130zin<br>&#8211; Tescil<br>&#8211; Ayni sermayenin konulmas\u0131 ve bir i\u015fletme veya ayn\u0131n devral\u0131nmas\u0131<br>&#8211; Ana s\u00f6zle\u015fme de\u011fi\u015fikli\u011fi<br>&#8211; Temlik taahh\u00fctleri<br><strong>Ortak s\u0131fat\u0131n\u0131n kazan\u0131lmas\u0131<\/strong><br>&#8211; Aslen iktisap<br>&#8211; Giri\u015f isteminin kabul\u00fcyle iktisap<br>&#8211; Pay\u0131n devral\u0131nmas\u0131yla iktisap<br>&#8211; Ortakl\u0131\u011f\u0131n iktisab\u0131<br><strong>Ortak s\u0131fat\u0131n\u0131n yitirilmesi<\/strong><br>&#8211; Ortakl\u0131ktan \u00e7\u0131kma<br>&#8211; Pay\u0131n devriyle ortak s\u0131fat\u0131n\u0131n yitirilmesi<br>&#8211; \u00c7\u0131kar\u0131lma<br>&#8211; Ortakl\u0131k s\u0131fat\u0131n\u0131n kendili\u011finden yitirilmesi<br>&#8211; Ayr\u0131lma pay\u0131<br><strong>Ortaklar\u0131n haklar\u0131 ve bor\u00e7lar\u0131<br>Ortaklar\u0131n sorumluluklar\u0131<br>Kooperatifin hesaplar\u0131<br>Kooperatifin \u00f6rg\u00fct\u00fc<br>Kooperatiflerin da\u011f\u0131lmas\u0131<\/strong><\/p>\n\n\n\n<p>Kooperatif Hukuku alan\u0131nda verilen hizmetler, yukar\u0131da \u00f6rnekleyici olarak say\u0131lan Kooperatif Hukuku konular\u0131yla s\u0131n\u0131rl\u0131 de\u011fildir. Ba\u015fta Genel Kurul Tutanaklar\u0131n\u0131n haz\u0131rlanmas\u0131, tasfiye s\u00fcrecinin y\u00f6netilmesi, i\u015fletme kooperatifine ge\u00e7i\u015f s\u00fcrecinin y\u00f6netilmesi, y\u00f6netim aidatlar\u0131n\u0131 \u00f6demeyenler aleyhine icra takipleri ba\u015flat\u0131lmas\u0131 gibi kooperatif y\u00f6netimini ilgilendiren her t\u00fcrl\u00fc hukuki sorunun \u00e7\u00f6z\u00fcm\u00fc ve prosed\u00fcrlerin yerine getirilmesi noktas\u0131nda y\u00fcr\u00fct\u00fclmektedir. <\/p>\n\n\n\n<p><em>Say\u0131lan dava tipleri genel anlamda ve \u00f6rnekleyici olup, kooperatif hukukuna ili\u015fkin her t\u00fcrl\u00fc dava bak\u0131m\u0131ndan avukatl\u0131k hizmeti verilmektedir.<br>Detayl\u0131 bilgi i\u00e7in randevu talep ediniz<\/em><\/p>\n","protected":false},"excerpt":{"rendered":"<p>Kar payla\u015fma amac\u0131 g\u00fctmeyen, ticari amac\u0131 olmayan ve ticari ortakl\u0131klardan farkl\u0131 olan, kooperatif \u00fcyelerinin ekonomik durumlar\u0131n\u0131n geli\u015ftirilmesi amac\u0131n\u0131 g\u00fcden sermayeli ortakl\u0131klara kooperatif denmektedir. Nitekim kooperatifin hukuki tan\u0131m\u0131 da benzer ifadelerle Kooperatifler Kanunu&#8217;nun 1. maddesinde \u015fu \u015fekilde yap\u0131lm\u0131\u015ft\u0131r: &#8220;T\u00fczel ki\u015fili\u011fi haiz olmak \u00fczere ortaklar\u0131n\u0131n belirli ekonomik menfaatlerini ve \u00f6zellikle meslek veya ge\u00e7imlerine ait ihtiya\u00e7lar\u0131n\u0131 i\u015fg\u00fcc\u00fc ve [&hellip;]<\/p>\n","protected":false},"author":1,"featured_media":0,"parent":0,"menu_order":0,"comment_status":"closed","ping_status":"closed","template":"","meta":{"footnotes":""},"class_list":["post-155","page","type-page","status-publish","hentry"],"yoast_head":"<!-- This site is optimized with the Yoast SEO plugin v20.12 - https:\/\/yoast.com\/wordpress\/plugins\/seo\/ -->\n<title>Kooperatif Hukuku - Nam\u0131k Kemal T\u00fcyl\u00fcce<\/title>\n<meta name=\"robots\" content=\"index, follow, max-snippet:-1, max-image-preview:large, max-video-preview:-1\" \/>\n<link rel=\"canonical\" href=\"https:\/\/namikkemaltuyluce.av.tr\/?page_id=155\" \/>\n<meta property=\"og:locale\" content=\"tr_TR\" \/>\n<meta property=\"og:type\" content=\"article\" \/>\n<meta property=\"og:title\" content=\"Kooperatif Hukuku - Nam\u0131k Kemal T\u00fcyl\u00fcce\" \/>\n<meta property=\"og:description\" content=\"Kar payla\u015fma amac\u0131 g\u00fctmeyen, ticari amac\u0131 olmayan ve ticari ortakl\u0131klardan farkl\u0131 olan, kooperatif \u00fcyelerinin ekonomik durumlar\u0131n\u0131n geli\u015ftirilmesi amac\u0131n\u0131 g\u00fcden sermayeli ortakl\u0131klara kooperatif denmektedir. Nitekim kooperatifin hukuki tan\u0131m\u0131 da benzer ifadelerle Kooperatifler Kanunu&#8217;nun 1. maddesinde \u015fu \u015fekilde yap\u0131lm\u0131\u015ft\u0131r: &#8220;T\u00fczel ki\u015fili\u011fi haiz olmak \u00fczere ortaklar\u0131n\u0131n belirli ekonomik menfaatlerini ve \u00f6zellikle meslek veya ge\u00e7imlerine ait ihtiya\u00e7lar\u0131n\u0131 i\u015fg\u00fcc\u00fc ve [&hellip;]\" \/>\n<meta property=\"og:url\" content=\"https:\/\/namikkemaltuyluce.av.tr\/?page_id=155\" \/>\n<meta property=\"og:site_name\" content=\"Nam\u0131k Kemal T\u00fcyl\u00fcce\" \/>\n<meta name=\"twitter:card\" content=\"summary_large_image\" \/>\n<meta name=\"twitter:label1\" content=\"Tahmini okuma s\u00fcresi\" \/>\n\t<meta name=\"twitter:data1\" content=\"3 dakika\" \/>\n<script type=\"application\/ld+json\" class=\"yoast-schema-graph\">{\"@context\":\"https:\/\/schema.org\",\"@graph\":[{\"@type\":\"WebPage\",\"@id\":\"https:\/\/namikkemaltuyluce.av.tr\/?page_id=155\",\"url\":\"https:\/\/namikkemaltuyluce.av.tr\/?page_id=155\",\"name\":\"Kooperatif Hukuku - Nam\u0131k Kemal T\u00fcyl\u00fcce\",\"isPartOf\":{\"@id\":\"http:\/\/namikkemaltuyluce.av.tr\/#website\"},\"datePublished\":\"2023-06-08T05:33:21+00:00\",\"dateModified\":\"2023-06-08T05:33:21+00:00\",\"breadcrumb\":{\"@id\":\"https:\/\/namikkemaltuyluce.av.tr\/?page_id=155#breadcrumb\"},\"inLanguage\":\"tr\",\"potentialAction\":[{\"@type\":\"ReadAction\",\"target\":[\"https:\/\/namikkemaltuyluce.av.tr\/?page_id=155\"]}]},{\"@type\":\"BreadcrumbList\",\"@id\":\"https:\/\/namikkemaltuyluce.av.tr\/?page_id=155#breadcrumb\",\"itemListElement\":[{\"@type\":\"ListItem\",\"position\":1,\"name\":\"Anasayfa\",\"item\":\"http:\/\/namikkemaltuyluce.av.tr\/\"},{\"@type\":\"ListItem\",\"position\":2,\"name\":\"Kooperatif Hukuku\"}]},{\"@type\":\"WebSite\",\"@id\":\"http:\/\/namikkemaltuyluce.av.tr\/#website\",\"url\":\"http:\/\/namikkemaltuyluce.av.tr\/\",\"name\":\"Nam\u0131k Kemal T\u00fcyl\u00fcce\",\"description\":\"\",\"publisher\":{\"@id\":\"http:\/\/namikkemaltuyluce.av.tr\/#organization\"},\"potentialAction\":[{\"@type\":\"SearchAction\",\"target\":{\"@type\":\"EntryPoint\",\"urlTemplate\":\"http:\/\/namikkemaltuyluce.av.tr\/?s={search_term_string}\"},\"query-input\":\"required name=search_term_string\"}],\"inLanguage\":\"tr\"},{\"@type\":\"Organization\",\"@id\":\"http:\/\/namikkemaltuyluce.av.tr\/#organization\",\"name\":\"Arabulucu ve Avukat Nam\u0131k Kemal T\u00fcyl\u00fcce\",\"url\":\"http:\/\/namikkemaltuyluce.av.tr\/\",\"logo\":{\"@type\":\"ImageObject\",\"inLanguage\":\"tr\",\"@id\":\"http:\/\/namikkemaltuyluce.av.tr\/#\/schema\/logo\/image\/\",\"url\":\"https:\/\/namikkemaltuyluce.av.tr\/wp-content\/uploads\/2023\/01\/hukuk.png\",\"contentUrl\":\"https:\/\/namikkemaltuyluce.av.tr\/wp-content\/uploads\/2023\/01\/hukuk.png\",\"width\":400,\"height\":300,\"caption\":\"Arabulucu ve Avukat Nam\u0131k Kemal T\u00fcyl\u00fcce\"},\"image\":{\"@id\":\"http:\/\/namikkemaltuyluce.av.tr\/#\/schema\/logo\/image\/\"}}]}<\/script>\n<!-- \/ Yoast SEO plugin. -->","yoast_head_json":{"title":"Kooperatif Hukuku - Nam\u0131k Kemal T\u00fcyl\u00fcce","robots":{"index":"index","follow":"follow","max-snippet":"max-snippet:-1","max-image-preview":"max-image-preview:large","max-video-preview":"max-video-preview:-1"},"canonical":"https:\/\/namikkemaltuyluce.av.tr\/?page_id=155","og_locale":"tr_TR","og_type":"article","og_title":"Kooperatif Hukuku - Nam\u0131k Kemal T\u00fcyl\u00fcce","og_description":"Kar payla\u015fma amac\u0131 g\u00fctmeyen, ticari amac\u0131 olmayan ve ticari ortakl\u0131klardan farkl\u0131 olan, kooperatif \u00fcyelerinin ekonomik durumlar\u0131n\u0131n geli\u015ftirilmesi amac\u0131n\u0131 g\u00fcden sermayeli ortakl\u0131klara kooperatif denmektedir. Nitekim kooperatifin hukuki tan\u0131m\u0131 da benzer ifadelerle Kooperatifler Kanunu&#8217;nun 1. maddesinde \u015fu \u015fekilde yap\u0131lm\u0131\u015ft\u0131r: &#8220;T\u00fczel ki\u015fili\u011fi haiz olmak \u00fczere ortaklar\u0131n\u0131n belirli ekonomik menfaatlerini ve \u00f6zellikle meslek veya ge\u00e7imlerine ait ihtiya\u00e7lar\u0131n\u0131 i\u015fg\u00fcc\u00fc ve [&hellip;]","og_url":"https:\/\/namikkemaltuyluce.av.tr\/?page_id=155","og_site_name":"Nam\u0131k Kemal T\u00fcyl\u00fcce","twitter_card":"summary_large_image","twitter_misc":{"Tahmini okuma s\u00fcresi":"3 dakika"},"schema":{"@context":"https:\/\/schema.org","@graph":[{"@type":"WebPage","@id":"https:\/\/namikkemaltuyluce.av.tr\/?page_id=155","url":"https:\/\/namikkemaltuyluce.av.tr\/?page_id=155","name":"Kooperatif Hukuku - Nam\u0131k Kemal T\u00fcyl\u00fcce","isPartOf":{"@id":"http:\/\/namikkemaltuyluce.av.tr\/#website"},"datePublished":"2023-06-08T05:33:21+00:00","dateModified":"2023-06-08T05:33:21+00:00","breadcrumb":{"@id":"https:\/\/namikkemaltuyluce.av.tr\/?page_id=155#breadcrumb"},"inLanguage":"tr","potentialAction":[{"@type":"ReadAction","target":["https:\/\/namikkemaltuyluce.av.tr\/?page_id=155"]}]},{"@type":"BreadcrumbList","@id":"https:\/\/namikkemaltuyluce.av.tr\/?page_id=155#breadcrumb","itemListElement":[{"@type":"ListItem","position":1,"name":"Anasayfa","item":"http:\/\/namikkemaltuyluce.av.tr\/"},{"@type":"ListItem","position":2,"name":"Kooperatif Hukuku"}]},{"@type":"WebSite","@id":"http:\/\/namikkemaltuyluce.av.tr\/#website","url":"http:\/\/namikkemaltuyluce.av.tr\/","name":"Nam\u0131k Kemal T\u00fcyl\u00fcce","description":"","publisher":{"@id":"http:\/\/namikkemaltuyluce.av.tr\/#organization"},"potentialAction":[{"@type":"SearchAction","target":{"@type":"EntryPoint","urlTemplate":"http:\/\/namikkemaltuyluce.av.tr\/?s={search_term_string}"},"query-input":"required name=search_term_string"}],"inLanguage":"tr"},{"@type":"Organization","@id":"http:\/\/namikkemaltuyluce.av.tr\/#organization","name":"Arabulucu ve Avukat Nam\u0131k Kemal T\u00fcyl\u00fcce","url":"http:\/\/namikkemaltuyluce.av.tr\/","logo":{"@type":"ImageObject","inLanguage":"tr","@id":"http:\/\/namikkemaltuyluce.av.tr\/#\/schema\/logo\/image\/","url":"https:\/\/namikkemaltuyluce.av.tr\/wp-content\/uploads\/2023\/01\/hukuk.png","contentUrl":"https:\/\/namikkemaltuyluce.av.tr\/wp-content\/uploads\/2023\/01\/hukuk.png","width":400,"height":300,"caption":"Arabulucu ve Avukat Nam\u0131k Kemal T\u00fcyl\u00fcce"},"image":{"@id":"http:\/\/namikkemaltuyluce.av.tr\/#\/schema\/logo\/image\/"}}]}},"_links":{"self":[{"href":"https:\/\/namikkemaltuyluce.av.tr\/index.php?rest_route=\/wp\/v2\/pages\/155","targetHints":{"allow":["GET"]}}],"collection":[{"href":"https:\/\/namikkemaltuyluce.av.tr\/index.php?rest_route=\/wp\/v2\/pages"}],"about":[{"href":"https:\/\/namikkemaltuyluce.av.tr\/index.php?rest_route=\/wp\/v2\/types\/page"}],"author":[{"embeddable":true,"href":"https:\/\/namikkemaltuyluce.av.tr\/index.php?rest_route=\/wp\/v2\/users\/1"}],"replies":[{"embeddable":true,"href":"https:\/\/namikkemaltuyluce.av.tr\/index.php?rest_route=%2Fwp%2Fv2%2Fcomments&post=155"}],"version-history":[{"count":1,"href":"https:\/\/namikkemaltuyluce.av.tr\/index.php?rest_route=\/wp\/v2\/pages\/155\/revisions"}],"predecessor-version":[{"id":156,"href":"https:\/\/namikkemaltuyluce.av.tr\/index.php?rest_route=\/wp\/v2\/pages\/155\/revisions\/156"}],"wp:attachment":[{"href":"https:\/\/namikkemaltuyluce.av.tr\/index.php?rest_route=%2Fwp%2Fv2%2Fmedia&parent=155"}],"curies":[{"name":"wp","href":"https:\/\/api.w.org\/{rel}","templated":true}]}}